+ 8. Suppose 8*j = 3*j - 5*u + 40, -12 = -a*j - 4*u. List the prime factors of j.
2, 5
Let f(h) = -6 - 1 + 2*h + 2. Let u be f(4). Let q(a) = -a**2 + 7*a. List the prime factors of q(u).
2, 3
Suppose -f + 10 = -8. Let k be 1/(-3) - (-42)/f. Suppose 6*r = k*r + 48. What are the prime factors of r?
2, 3
Suppose 4 = n + 2. Let v = n + 4. List the prime factors of v.
2, 3
Let a(b) = -b**3 + 3*b**2 - b + 1. Let v be a(2). Suppose 5*u - 3*y = -0*u + 94, -v*u + 70 = 5*y. What are the prime factors of u?
2, 5
Let x(n) = -3*n + 9. What are the prime factors of x(-3)?
2, 3
Let r(v) = v**2 - 3*v - 12. List the prime factors of r(6).
2, 3
Suppose 0 = -4*p - 5*q + 24, q - 2*q + 12 = 2*p. List the prime factors of p.
2, 3
Let u(n) = n**3 - 2*n**2 + 2*n - 5. Let j(m) = 2*m**3 - 3*m**2 + 2*m - 6. Let p(x) = -4*j(x) + 5*u(x). What are the prime factors of p(-2)?
3
Let i(s) = -s - 5. Let o be i(-7). Suppose 4*n - b = 14, -5*b + 2 = n + 3*n. Suppose -n*r - o = -4*r. List the prime factors of r.
2
Let n(s) be the third derivative of s**5/30 + s**4/8 + s**3/3 - 3*s**2. Let f be n(-2). Suppose 40 = f*a - 8. List the prime factors of a.
2, 3
Suppose -1 + 2 = -x - 3*w, -4*x - 2*w = 34. Let p(z) = -z**2 - 14*z - 12. List the prime factors of p(x).
2, 7
Suppose -k - 7*b = -4*b - 39, -5*k + 3*b + 159 = 0. What are the prime factors of k?
3, 11
Let w be 6/3 + 2 + -4. Suppose -4*o - 32 = -4*y, w*o = -o + 4*y - 14. List the prime factors of -1 + o/(-3) + 14.
3, 5
What are the prime factors of 233 + -7 + (-20)/(-4)?
3, 7, 11
Let x = -4 + 44. Let r = 56 - x. List the prime factors of r.
2
Suppose -4*r + 18 = -t, -2*r + 43 = -t - 3*r. Let b(a) = -7*a**2 - 2*a + 1. Let m be b(-2). Let x = m - t. What are the prime factors of x?
3, 5
Let q(n) = -n**2 + 5*n. Let t(k) = -k**2 + 9*k - 3. Let b be t(8). Let x be q(b). Suppose x = -2*m - 2*m + 24. List the prime factors of m.
2, 3
Suppose -144 = k - 5*k + 4*p, 11 = k + 4*p. List the prime factors of k.
31
List the prime factors of 113 - (4 - ((4 - 2) + 0)).
3, 37
Let v = 69 - 44. Let n be 2 - 15 - (0 + 1). Let y = n + v. List the prime factors of y.
11
Suppose -r - k - 19 = -2*k, 4*k + 62 = -2*r. Let y = r + 35. List the prime factors of y.
2, 3
Let h(o) = -o**3 - 3*o**2 + 5*o + 1. Let x be h(-4). Let y = -1 - x. What are the prime factors of 8*(5/y - 2)?
2
Let g(h) = h - 2. Let c = -7 + 11. What are the prime factors of g(c)?
2
Let p(m) = 2*m**2 + 7*m + 9. Let a be p(-6). What are the prime factors of (-1)/(a/21 + -2)?
7
Suppose y + 3 + 2 = 0. Let f = -1 - y. What are the prime factors of f?
2
Let v be -3 + 17 + (-2 - 1). Let l = v + -9. What are the prime factors of ((-6)/4 + l)*14?
7
Suppose -4*g + 9*g - 255 = -5*w, -5*w = 2*g - 270. List the prime factors of w.
2, 7
Let q be (-3)/4 + (-1)/4. Let d = 1 - q. What are the prime factors of (1 - 11)/(d + -3)?
2, 5
Let f(d) = -d**3 + d + 2. Let l be f(0). Suppose -l*w - 90 = -6*m + m, 0 = -2*m + 2*w + 42. List the prime factors of m.
2
Let w = -129 - -195. List the prime factors of w.
2, 3, 11
Suppose 0 = -5*s - 2*r + 159, -5*s + 0*r = 4*r - 163. Suppose s = 4*y - w - 8, -2*w - 8 = -y. List the prime factors of y.
2, 5
Let i be (-54)/4*10/(-15). Let c = i + 5. List the prime factors of c.
2, 7
Let z(y) = 3*y - 1. Let j be z(3). Let d = -3 + j. Suppose d*t = 14 + 66. What are the prime factors of t?
2
List the prime factors of (-15)/(-3) - (-208 - 5).
2, 109
Let x(l) = -l - 5. Let h be x(-5). Let o be (h - (1 + -1)) + 7. Suppose 2*k - 11 - o = 0. List the prime factors of k.
3
Let g be (-4)/(-6) - (-32)/6. Suppose 3*n - 16 = -l, -g*l = -2*l + n - 20. What are the prime factors of (l/(-12))/((-2)/36)?
2, 3
Suppose -u - 123 = -i + 59, 0 = -5*i - 3*u + 910. What are the prime factors of i?
2, 7, 13
Let q(v) = 2*v**3 - 31*v**2 + 18*v - 4. List the prime factors of q(15).
41
Let s = 4 - -124. List the prime factors of s.
2
Suppose -a + 206 = a. What are the prime factors of a?
103
Let k = 9 + 23. List the prime factors of k.
2
Let z(g) = -g - 2*g**3 + 3 + 3*g**3 - 7*g**2 + 7. Let a(y) = -y**3 + 9*y**2 + 10*y + 7. Let v be a(10). What are the prime factors of z(v)?
3
Suppose -z = n + 7, 2*z = -2*z + 16. Let x = n + 6. List the prime factors of (-3)/x*(6 + -1).
3
What are the prime factors of -3 - (14/(-3))/((-5)/(-15))?
11
Let r(m) = -m**3 - 15*m**2 - m - 1. Let k = -52 - -37. List the prime factors of r(k).
2, 7
Let x be ((-2)/(-3))/(2/(-3)). List the prime factors of x + (-5)/((-10)/24).
11
Suppose -4*s = 5*s - 963. What are the prime factors of s?
107
Let v(t) = t**3 + t**2 - 5. Let u be v(4). Suppose 5*y - 65 = -5*z, 5*z + 7*y - u = 4*y. What are the prime factors of z?
2, 3
Let s be -1*(1 + -2) + 0. Suppose -22 = -5*w + 48. Suppose 3*u - w = s. List the prime factors of u.
5
Let y be 1/(((-4)/2)/(-6)). Suppose o - y*o + 6 = 0. What are the prime factors of o?
3
Let l(g) be the second derivative of g**4/6 - g**3/2 - g**2/2 - g. What are the prime factors of l(4)?
19
Let y(z) = -10*z - 24. Let d(n) = -2*n - 5. Let l(i) = -22*d(i) + 4*y(i). Let x(u) = 3*u + 13. Let j(v) = -4*l(v) + 5*x(v). What are the prime factors of j(5)?
2
Suppose 35 = c - 0*c. What are the prime factors of c?
5, 7
Suppose -4*l = 5*b - 434, 3*l - 2*l - 345 = -4*b. What are the prime factors of b?
2, 43
Suppose j + 4*j - 75 = 0. Let c be (-4)/(-18) + (-38)/9. Let p = c + j. What are the prime factors of p?
11
Suppose 6*g - 3*g - 69 = 0. Suppose 4*d - 4 = 3*d. Suppose 3*k - 3*q - 17 = 19, d*k = -q + g. What are the prime factors of k?
7
What are the prime factors of 16/(-10)*(-5)/2?
2
Let n(j) = -6*j + 1 + j**2 + 3*j - 2*j. Let z be n(4). List the prime factors of -4*(-7 - z) - 2.
2, 7
Suppose 3*y + 204 = 3*s, -4*y = -5*s - y + 342. What are the prime factors of s?
3, 23
What are the prime factors of 2*(5 + -3 + 2)?
2
Suppose 0 = -p + 3*g - 2*g + 3, 0 = 2*p - 4*g - 8. List the prime factors of p.
2
Let k = 15 - 25. Let u = 34 + k. List the prime factors of u.
2, 3
Let k be 18/15*(-20)/(-6). Suppose k*w = 132 - 4. List the prime factors of w.
2
Suppose 3*h - 15 = -6*j + 4*j, 24 = 3*j + 3*h. List the prime factors of j.
3
Let g(n) = -n**2 + 5*n - 1. Let p = -8 + 10. What are the prime factors of g(p)?
5
Suppose -2*d + 23 = 5*t - 113, 3*d - 9 = 0. What are the prime factors of t?
2, 13
Suppose -5*x = 2*d + 2*d - 174, d = 1. List the prime factors of x.
2, 17
Suppose -6 = -2*f - 0*f. Suppose 0*y = 3*y + 4*u - 45, f*y - 2*u = 27. Suppose -v + y = -2. What are the prime factors of v?
13
Let j(t) = -t + 1. Let g be j(5). Let f = g - -5. Let k(d) = 3*d**2 - 1. List the prime factors of k(f).
2
Let o(j) = j + 10. Let c be o(-7). Suppose -96 = -c*z - 0*z. What are the prime factors of z?
2
List the prime factors of -4 - (-5 + 328/(-1)).
7, 47
Let q(j) = -j**2 - 5*j + 5. Let a = -2 - 2. List the prime factors of q(a).
3
Suppose -3*n + 6*n - 4*u = -2, -5*n = -4*u - 2. What are the prime factors of n?
2
Let l = -76 - -163. What are the prime factors of l?
3, 29
Suppose 5*k + 30 = 4*c, -38 = -4*c - 3*k + 4*k. List the prime factors of c.
2, 5
Suppose 160 = 5*y - 4*u, -y + u = 3*u - 18. What are the prime factors of y?
2, 7
Let h(o) = o**2 + 18. What are the prime factors of h(0)?
2, 3
Let g = -9 + 6. Let n be -1*(-6)/(-9)*g. Suppose n*f - 5 - 23 = 0. List the prime factors of f.
2, 7
Let h(s) = 34*s + 1. Let f be h(1). Let c = f + -19. What are the prime factors of c?
2
Let s be -2 - (0 + -3) - -17. Let t = s + -13. List the prime factors of t.
5
Suppose 0 = -7*w + 2*w + 20. Let v = 15 + -11. Suppose 36 = 3*q - 3*p, 6*p + 40 = v*q + w*p. What are the prime factors of q?
2
Suppose -7*h + 4*h + 228 = 2*s, 5*h = -3*s + 380. What are the prime factors of h?
2, 19
Let v(z) = -6*z**3 - 3*z**2 + 5. Let p be v(-3). Suppose -4*q + 4*s = -p, 0 = -q - 2*s + s + 41. List the prime factors of q.
2, 19
List the prime factors of 2 + 0 - (-1 + -5).
2
Let m be -1 + 2 + (-1)/(-1). Suppose -4*u - u + 20 = y, 4*y = m*u + 36. List the prime factors of y.
2, 5
Suppose 3 = 3*o - 12. Suppose o*q - 87 = 158. List the prime factors of q.
7
Let f = -22 + 25. Suppose -61 = -3*l - w, w = f*w - 2. List the prime factors of l.
2, 5
Let k(o) = 120*o**3 - 2*o**2 - 3*o + 3. What are the prime factors of k(1)?
2, 59
Let j be (-2 - (-9)/4)*8. Suppose 0 = -j*x - 2*x